111010010010110001?
-1011111010010010101101
In base 4, what is 12120030103 - 1103?
12120023000
In base 9, what is 223538433 + 2?
223538435
In base 6, what is -2 - 253534352?
-253534354
In base 9, what is 4 + 314136200?
314136204
In base 6, what is 14414444 + -1?
14414443
In base 11, what is 27348 + 143?
27490
In base 10, what is -16 + 30137764?
30137748
In base 10, what is -44841 + 49?
-44792
In base 11, what is -20470997 - -2?
-20470995
In base 4, what is -30030301 - 100201?
-30131102
In base 16, what is 4 - 2c0573?
-2c056f
In base 13, what is -56 + -5164b0?
-516536
In base 16, what is -2be + -12d5?
-1593
In base 7, what is 5 - 23134012?
-23134004
In base 10, what is 20080 + 5877?
25957
In base 7, what is 166064506 - -41?
166064550
In base 13, what is -119 - -4baa3c?
4ba923
In base 10, what is -175015 - -187?
-174828
In base 10, what is 3 + -36037363?
-36037360
In base 7, what is 541002 - -31?
541033
In base 13, what is 818b + -249?
7c42
In base 14, what is 600 - -52754?
52d54
In base 12, what is -80337 - -1716?
-7a821
In base 8, what is 24623155 - -10?
24623165
In base 4, what is -22010 - -211312122?
211230112
In base 3, what is -100221002122 - 10001?
-100221012200
In base 2, what is 0 - 10000010110101010110011?
-10000010110101010110011
In base 13, what is -226b7cb + -6?
-226b804
In base 10, what is 58483 + -9910?
48573
In base 8, what is 704 + -6445?
-5541
In base 10, what is -21299474 - 4?
-21299478
In base 2, what is -1010100001000110 + -10011111001100?
-1101000000010010
In base 9, what is -871 + -4735?
-5716
In base 14, what is -cb + -8463?
-8550
In base 16, what is 767 + -55c?
20b
In base 13, what is 5 + 19421a60?
19421a65
In base 5, what is 420302130 - -311?
420302441
In base 5, what is -14340244 - 2004?
-14342303
In base 15, what is 171d7c + -169?
171c13
In base 16, what is 0 + 3637a?
3637a
In base 4, what is 3121001323121 + -10?
3121001323111
In base 7, what is 116010102 + 4?
116010106
In base 5, what is 10 - -144111401334?
144111401344
In base 12, what is 26bb87 - -9?
26bb94
In base 8, what is -271652 - 4100?
-275752
In base 8, what is -5 - -26647470?
26647463
In base 9, what is 123 - 504127?
-504004
In base 9, what is 5564 - 4285?
1268
In base 3, what is -20101210100 + 10221002?
-20020212021
In base 13, what is b9ba8 + 1b?
b9bc6
In base 5, what is -303 - 34143224?
-34144032
In base 5, what is 2143330420014 - 0?
2143330420014
In base 15, what is 9 + 374a20?
374a29
In base 8, what is 34630 + 37?
34667
In base 12, what is -31 + -33088?
-330b9
In base 6, what is 1 + -243424222?
-243424221
In base 12, what is -7 - 110b511?
-110b518
In base 10, what is -2 + 640423?
640421
In base 6, what is -2 - 41442222?
-41442224
In base 9, what is -6184674 - -3?
-6184671
In base 9, what is 1 + -8123314?
-8123313
In base 10, what is -4342704 + -32?
-4342736
In base 14, what is -2125 + -1735?
-385a
In base 9, what is -111007061 - -2?
-111007058
In base 11, what is 4a25 - 3825?
1200
In base 9, what is 75254 - 1450?
73704
In base 9, what is 66486 + -84?
66402
In base 12, what is -12558 - 960?
-132b8
In base 16, what is f03 + d313?
e216
In base 3, what is -11 + -2101001110?
-2101001121
In base 9, what is 205 + 8051843?
8052148
In base 13, what is -7 - 612915?
-61291c
In base 5, what is 120120 - 2123320?
-2003200
In base 5, what is -133210 + 41011?
-42144
In base 12, what is -39 + 747b1?
74774
In base 5, what is -4004034201 + -20?
-4004034221
In base 7, what is 13 + -355353135?
-355353122
In base 12, what is -24 + 1157357?
1157333
In base 11, what is -5559 + 189a?
-376a
In base 12, what is -14b - -ba902?
ba773
In base 7, what is 5664130 - 3?
5664124
In base 10, what is 2587343 - 9?
2587334
In base 13, what is 0 - -246bc3bc?
246bc3bc
In base 3, what is -102 - -22012011011102?
22012011011000
In base 6, what is 440 - 55041?
-54201
In base 14, what is -269a550 + b?
-269a543
In base 15, what is -829 + 54a1?
4b77
In base 7, what is -1646456566 - 4?
-1646456603
In base 9, what is -2333447 + -3?
-2333451
In base 13, what is -60 - -a38ab8?
a38a58
In base 5, what is -24 - -204233312?
204233233
In base 2, what is -1011011100101111010 + 11?
-1011011100101110111
In base 2, what is -1111001000100 + 1100000100?
-1101101000000
In base 6, what is 1231 + -5131033?
-5125402
In base 9, what is -463112533 - -3?
-463112530
In base 12, what is -52330b + -59?
-523368
In base 16, what is 0 + -55faf?
-55faf
In base 13, what is 195247b - 2b?
1952450
In base 5, what is 13001 - 14003143?
-13440142
In base 14, what is 4 - -181d594b?
181d5951
In base 8, what is -5 - -111331563?
111331556
In base 5, what is 13 - 4223140201?
-4223140133
In base 5, what is 4 - -121440304404?
121440304413
In base 13, what is a527 + -1601?
8c26
In base 2, what is -101 - -1011101111011010100110?
1011101111011010100001
In base 13, what is -2c30 + 1221?
-1a0c
In base 8, what is -7 + -20454052?
-20454061
In base 3, what is -1220102210001 - 120?
-1220102210121
In base 8, what is -4102300 + -10?
-4102310
In base 12, what is 302870497 + 2?
302870499
In base 2, what is -10101 + -1101110100010011101010110?
-1101110100010011101101011
In base 4, what is -1 - -121233221320?
121233221313
In base 5, what is 322 + 1402200?
1403022
In base 8, what is 342421 - 46?
342353
In base 4, what is 33131220 + 102302?
33300122
In base 3, what is -201101001 + -100002?
-201201010
In base 6, what is 1043 - 20205?
-15122
In base 7, what is -534613 - -1110?
-533503
In base 10, what is 28 + 9780556?
9780584
In base 14, what is -9cb2 - -228?
-9a88
In base 6, what is 4 + 2115441?
2115445
In base 5, what is 1101032122 + 233?
1101032410
In base 11, what is 20446136 + -5?
20446131
In base 16, what is 225f1e7 + -2?
225f1e5
In base 2, what is -1101000000111 - -110101010110010?
101000010101011
In base 6, what is 1331 + -3404022?
-3402251
In base 4, what is 30113022 - 333103?
23113313
In base 16, what is -88 - 58018?
-580a0
In base 5, what is 41342402 - -201?
41343103
In base 13, what is 4 - 1257a71?
-1257a6a
In base 7, what is -204630 - -1301?
-203326
In base 5, what is 31 - -41041121?
41041202
In base 12, what is 3b9b06 + -4?
3b9b02
In base 16, what is -a - -2019?
200f
In base 2, what is 10000001 + 10100111000101010?
10100111010101011
In base 7, what is -25422045 - -363?
-25421352
In base 14, what is 3a + 242d4?
24330
In base 12, what is 4 - -91b784?
91b788
In base 7, what is -165 + 11102064?
11101566
In base 6, what is 115421414 + -3?
115421411
In base 16, what is 280 + 5e9e?
611e
In base 2, what is 1100100 - -10001001111110011010?
10001001111111111110
In base 16, what is 4054250 - -1?
4054251
In base 14, what is -6b - 282a0?
-2832b
In base 4, what is -2020310002003 + -3?
-2020310002012
In base 2, what is 1000 - -1111100101001010011?
1111100101001011011
In base 11, what is -1 + -10985273?
-10985274
In base 11, what is -3779 - 10a9?
-4877
In base 8, what is -30306 + -410?
-30716
In base 10, what is -26 - 424142?
-424168
In base 5, what is -2010140133 + 2021?
-2010133112
In base 15, what is 24e81 - -1?
24e82
In base 2, what is 1111010010110101111 + -101?
1111010010110101010
In base 7, what is -604423454 + -21?
-604423505
In base 9, what is -1 + -77211008?
-77211010
In base 10, what is 363394 + 286?
363680
In base 10, what is -6858391 - -4?
-6858387
In base 8, what is -3400 + -250503?
-254103
In base 6, what is -5 + 5314431?
5314422
In base 2, what is -100111100011000101110 + 1?
-100111100011000101101
In base 14, what is -b41 - 1a3bc?
-1b11d
In base 3, what is 1100102020020 + 120101?
1100102210121
In base 16, what is -4fc98f + 5?
-4fc98a
In base 16, what is -4 - 2834143?
-2834147
In base 8, what is -2237634027 - 5?
-2237634034
In base 2, what is 110111011110101 - 110101000011111?
10011010110
In base 12, what is -3613 + -3040?
-6653
In base 13, what is -208 + 8a06?
87cb
In base 8, what is 11605031 - -7?
11605040
In base 2, what is 110011101101110111 - 10110000?
110011101011000111
In base 10, what is -24124 - 1079?
-25203
In base 11, what is -2a0 + 78735?
78445
In base 9, what is 602146 + 1455?
603612
In base 10, what is 0 - 116429168?
-116429168
In base 6, what is -105452534 + 100?
-105452434
In base 13, what is a8981ac - 0?
a8981ac
In base 16, what is 757 + -347f?
-2d28
In base 15, what is -5 + -19975318?
-1997531d
In base 5, what is 2 - 1303000